- 15. Let x(t) = 7*f(t) + 6*z(t). Suppose 5*m - 5*o = -10, 0 = 3*m + 5*o - 1 + 23. Calculate x(m).
0
Let l(o) = -26*o + 11. Suppose -25 = -5*q - 4*g, 4*q + 3 = 7*g - 28. Calculate l(q).
-15
Let b = -144 - -144. Let k(p) = b*p**3 - 283 - 2*p**2 + 279 - p**3 + p. Give k(-4).
24
Let w be (12/8)/(6/12). Let f(b) = 1 - 7*b + 8*b - 4 - w - b**2. Calculate f(0).
-6
Let u(c) = -c**3 - 7*c**2 - 2*c - 13. Let x = -4787 - -4780. What is u(x)?
1
Let l = 7 + -17. Let o be 12/9 + l/(-15). Let n(b) = 4*b. Calculate n(o).
8
Let r(l) = 7 + 28 - 11 - 6*l. Let d be r(4). Let z(a) = a**3 - a**2 - 5. What is z(d)?
-5
Let p be ((72/(-10))/6)/(9/(-210)). Let t(y) = 61*y - p*y + 3 - 6 - 31*y. Calculate t(2).
1
Let o(l) be the second derivative of 12*l**3 + l**2/2 + 618*l - 1. Give o(-1).
-71
Let r(x) = 7*x**3 + 10*x**2 - 2*x - 19. Let p(h) = -3*h**3 - 5*h**2 + h + 9. Let q(o) = 9*p(o) + 4*r(o). Let i = 6382 - 6378. Calculate q(i).
-7
Let b(d) = 2*d**3 + 9*d**2 + 13*d - 18. Let g(u) = -u**3 - u**2 - u + 3. Let r be (-48)/(-32)*(-4)/6. Let x(c) = r*b(c) - 3*g(c). Calculate x(7).
-12
Let u = -7262 - -7262. Let r(i) = 5*i**3 + i**2 - 7. Give r(u).
-7
Let g(v) = 17 - 6 - v - 7*v + 6*v. Determine g(8).
-5
Suppose 0 = -29*f - 80 - 210. Let d(z) = z**2 + 15*z + 59. What is d(f)?
9
Let w(b) = -5*b**2 + 7*b - 2. Let f(n) = -13*n**2 + 14*n - 6. Let z(q) = -2*f(q) + 5*w(q). What is z(-6)?
-4
Let t(u) = u**2 + 10*u + 5. Suppose -5*f - 43 = -2*p - 11, -2*f - 8 = -2*p. Determine t(f).
-11
Let o(x) be the third derivative of -x**5/60 + x**4/3 - 11*x**3/6 - 14*x**2 - 336*x. Determine o(8).
-11
Let c(f) = -29*f - 54. Let l be 3*(1 + -2) + 9 + 24/(-3). What is c(l)?
4
Let p(h) = -5*h - 2. Let f(u) = 3*u + 1. Let a(q) = 4*q - 1. Let g be a(2). Let r(z) = g*f(z) + 4*p(z). Suppose -935 = -8*n - 895. Determine r(n).
4
Let y(l) be the third derivative of -l**6/120 - 13*l**5/60 - l**4/24 - 7*l**3/6 + 128*l**2. Let n be y(-13). Let f(r) = 2*r + 3. Calculate f(n).
15
Suppose -d = 2*k + d - 12, 0 = -k + 3*d - 10. Let q be 1*3*((-24)/9 + k). Let h(u) = 6 + u**2 - 2*u - 6 - 2. Calculate h(q).
6
Let n be -6*-1*(-4)/(-12). Suppose o + 6 = -o, 0 = -n*c - 2*o - 18. Let v(w) = -7 + 8*w**3 - 6*w**2 - 12*w**3 + 5*w**3 + 12*w**2 - 4*w. What is v(c)?
17
Suppose -2*z + 4 = -3*g, -17*g + 12*g = -4*z + 4. Let s(v) = -v**2 + 8*v - 7. Let n be s(7). Let m(r) = 6 + r - r + 2*r + n*r. Give m(z).
-2
Let r(h) be the third derivative of 0 - 1/12*h**4 + 0*h - h**2 + 2*h**3. Let b be r(6). Let l(d) = -d**2 - d + 4. What is l(b)?
4
Let d(m) = -m**2 + 2*m + 1. Let i(n) be the third derivative of n**6/120 - 17*n**5/60 - 37*n**4/24 - 17*n**3/6 - 14*n**2. Let a be i(19). Give d(a).
1
Let q(d) = 9*d**2 + 4*d + 4. Let w(k) = -8*k**2 - 4*k - 4. Let b(l) = -6*q(l) - 7*w(l). Let p = 79 + -82. Calculate b(p).
10
Let c be (1146/(-162))/1 + (-6)/(-81). Let y(n) = 2*n + 15. Calculate y(c).
1
Let q(f) = f**3 + 37894*f**2 + 2 + 5 - 6*f - 37898*f**2. Let i(b) = -b**3 + 3*b**2 + b + 1. Let n be i(3). Suppose n*s + 10 = 6*s. Give q(s).
2
Let h(j) = -j**2 + 6*j - 3. Let f = -44 - -46. Let c be -18*(5/(-30))/(f/4). Give h(c).
-3
Let i(v) = 4*v**3 - 12*v**2 + 5*v - 5. Let c(n) = n**3 - 2*n**2 + n. Let q(g) = 3*c(g) - i(g). What is q(6)?
-7
Let x(g) = -g**2 - 10*g - 13. Let q be (-1 + -97)/7 - -6 - (-3)/3. What is x(q)?
8
Let m(w) = -2*w + 1. Let f(o) be the third derivative of -o**4/8 + o**3/3 + 20*o**2. Let c(r) = -f(r) - m(r). Calculate c(-5).
-28
Suppose -39*n - 150 = -267. Let g(v) be the second derivative of 5*v + 0*v**4 + 0 - 1/6*v**n + 1/20*v**5 - 1/2*v**2. What is g(2)?
5
Let r(p) = p**3 + 6*p**2 + 4*p + 5. Let d = -5 - 1. Let w = d + 1. Give r(w).
10
Let m(j) be the first derivative of -j**3/3 + j**2/2 + 25*j + 852. What is m(6)?
-5
Let o(p) = p**2 - 8*p - 8. Let h(k) = -k**3 + 2*k**2 + 13*k - 20. Let y be h(4). Suppose -5*j + 15 = y, 5*l - 55 = -3*j - 6. Calculate o(l).
-8
Let u(d) = -6*d**3 + 5*d**2 - 22*d - 3. Let t(s) = 5*s**3 - 5*s**2 + 18*s + 3. Let i(w) = 5*t(w) + 4*u(w). Determine i(5).
13
Let l(k) = -5*k**2 + 3*k - 5. Let p(j) = j**3 + 7*j**2 - 4*j + 36. Let t be p(-8). Let o(g) = -4*g**2 + g - 6. Let i(c) = t*o(c) - 3*l(c). Calculate i(-5).
-9
Let m be 10*10/(-1650)*-9 - (-28)/(-11). Let i(o) = -o**2 + 4*o + 1. What is i(m)?
-11
Let a(l) = -9*l + 30. Let p(x) = x**3 - 84*x**2 + 22*x - 1844. Let h be p(84). Determine a(h).
-6
Let y(j) = 7 - 6*j - 21 + 7 + 9 - j**2 + 12. Calculate y(-6).
14
Suppose -7 = -4*c - 2*l + 3, -1 = -l. Let p be 3 - (-9 + 3 + 4). Let h(f) = p*f + c + 0*f - 5*f - 6*f. Calculate h(2).
-10
Let l(s) = -48*s**2 + 71*s + 1. Let n(d) = -17*d**2 + 25*d. Let o(j) = 6*l(j) - 17*n(j). What is o(-8)?
62
Let q(j) be the second derivative of -j**3/3 - 11*j**2 - j - 78. Determine q(-8).
-6
Let p(z) = z + 1. Let a(g) = 3*g + 4. Let k(v) = a(v) - 4*p(v). Let w(o) = -o**2 - 19*o - 8. Let h be w(-14). Let y = h + -62. Calculate k(y).
0
Let t(v) = 7*v**2 - 9*v - 5. Let m be t(6). Let r = m - 189. Let s(o) = -7*o + o**3 + 0*o**3 + o - 2*o**2 + 1. What is s(r)?
9
Let q(t) = -t**3 - 2*t**2 + 6*t - 5. Let o be q(3). Let d = o - -35. Let b(g) = g**2 - 5*g**d - 2*g**3 + 3*g**3 + 3*g**3. Calculate b(-1).
2
Let f be (0/(-10))/(-17 - -19). Let k(u) = -u**3 + 2*u**2 + 2*u. Give k(f).
0
Let g(j) = j**3 + j**2 + 3*j + 4. Suppose 10*f - 961 = -21*f. Suppose 39*t = f*t - 16. Calculate g(t).
-6
Suppose 0 = -33*g + 10*g. Let t(y) = 5*y + 5*y**2 + 1 + 5*y**2 - 11*y**2 + g*y. Calculate t(4).
5
Let t(v) be the third derivative of -v**5/60 - v**4/12 + 5*v**3/3 + 113*v**2 + 5. Determine t(5).
-25
Let b be -5*1*(-2)/(-5). Let o be ((-8)/(-4))/((-32)/(-48)). Let i(l) = -2*l**2 + o*l**2 + 7*l**2 + 0*l**2 - 7*l**2. Calculate i(b).
4
Let p(g) be the third derivative of -5*g**4/24 - 14*g**3/3 + 48*g**2 + 2. What is p(-6)?
2
Suppose 0 = -2*r - 2*w + 6, r - w = -1 + 4. Let p(t) = -2 - 4*t**r - 1 + 5 + t. Give p(2).
-28
Let q = -8320 + 8286. Let o(r) = r**2 + 34*r - 16. What is o(q)?
-16
Let h(j) = 2*j + 13. Let m be ((-4)/16)/((-20)/720) + -1. Determine h(m).
29
Suppose -150*m - 49 - 101 = 0. Let v(g) = -82*g - 83. Calculate v(m).
-1
Suppose 5*a - 9 + 4 = 0. Let u(x) = -12*x**2 - 44*x + 2. Let s(q) = 14*q**2 + 29*q - 1. Let d(y) = -3*s(y) - 2*u(y). Calculate d(a).
-18
Let n(s) = 7 + 2 + 2 - 4*s - 10 - 2. Suppose 4*d - 3*q + q + 14 = 0, -5*d - 2*q - 4 = 0. Let h be (d/6)/((-3)/9). Calculate n(h).
-5
Let n(z) = -3 - 3*z**2 + 266*z + 5*z**2 - 262*z - z**2. Determine n(-5).
2
Suppose 0 = 3*k + 82 - 100. Let r(g) = g - 10. Let u be r(k). Let i(l) = l**2 + 5*l + 8. Calculate i(u).
4
Let t = -22743 + 22740. Let g(y) = -10*y**2 - 5. Determine g(t).
-95
Let v(w) be the second derivative of -w**5/20 + w**4/4 + 3*w**2/2 + 3*w + 208. Let u = -7 + 11. Determine v(u).
-13
Let f(b) = b**3 + 16 - 4*b + 2 + 5*b**2 - 12. Let h(n) = n**2 - 3*n + 2. Let k be h(3). Let o(p) = -p**3 + 2. Let g be o(k). Determine f(g).
-6
Let o(w) = 3*w**2 - 9*w - 14. Let q = -7098 - -7096. Calculate o(q).
16
Let i = 15577 - 15589. Let y(s) = -6*s - 67. Give y(i).
5
Let b(a) be the third derivative of 3/2*a**3 + 1/12*a**4 + 0 + 21*a**2 + 0*a. Suppose 20 - 26 = x. Give b(x).
-3
Let y = 109 - 86. Let k(i) = -23 - 3*i**2 + i**3 + y - 4*i - 3. What is k(4)?
-3
Suppose -4*r - 2045 = 5*w + r, 4*r + 403 = -w. Let n = 406 + w. Let y(v) = v**3 + 4*v**2 - 5*v - 2. What is y(n)?
-2
Let v(t) = -116*t + 173. Let g(o) = 18*o - 1. Let z(h) = -6*g(h) - v(h). Determine z(21).
1
Let j(f) = -7*f**2 - 5*f + 66. Let t(r) = -10*r**2 - 3*r + 66. Let z(y) = -3*j(y) + 2*t(y). Determine z(-14).
4
Suppose 7*o - 30 = 2*o. Let a = o - 4. Let v(r) = r + 0*r - 6*r**2 + 5*r**2 - 1. Give v(a).
-3
Let v(c) be the second derivative of -c**5/20 - 13*c**4/12 - 11*c**3/3 - 3*c**2 + 1205*c + 1. What is v(-11)?
-6
Let b(p) = p**3 - 2*p**2 - 4*p - 3. Let z = 281 + -279. Suppose -5*d - 21 = z*d. Calculate b(d).
-36
Let v(a) = -a**3 + 14*a**2 - 14*a + 23. Let w(y) = -98*y + 3149. Let l be w(32). What is v(l)?
10
Suppose 5*y - 5*l + 9 = -16, -4*y = 2*l - 10. Let w(v) = 1752 - v**2 + y*v**2 - 1754 + 3*v. Suppose 3*r + 11 - 2 = 0. What is w(r)?
-20
Let r(k) be the first derivative of 3*k**2/2 - 18*k + 2701. Give r(7).
3
Let m(p) be the third derivative of -3 + 1/3*p**3 - p**2 + 0*p + 5/24*p**4. Give m(-2).
-8
Suppose -4970 -